
-1839
Let x(y) = 310*y - 29587. Give x(91).
-1377
Let g(y) = 1711*y - 9224. What is g(5)?
-669
Let w(q) = 1417*q + 7129. What is w(-7)?
-2790
Let d(j) = -62*j**2 + 122*j + 2280. Determine d(-5).
120
Let d(v) = v**3 - 92*v**2 + 1113*v - 1635. What is d(78)?
3
Let n(j) = 37871*j + 4128118. Calculate n(-109).
179
Let f(j) = j**3 + 11*j**2 + 27*j - 97. Give f(2).
9
Let b(d) = d**2 - 223*d + 12102. What is b(108)?
-318
Let j(c) = -9*c**2 + 728*c + 5508. Determine j(-7).
-29
Let w(t) = 2339*t - 16305. Calculate w(7).
68
Let a(o) = -o**3 - 1024*o**2 - 28687*o + 4876. Determine a(-29).
4
Let n(o) = 32*o**2 + 1294*o + 527. Calculate n(-40).
-33
Let r(m) = 1789*m - 481272. What is r(269)?
-31
Let g(k) = 2073*k - 3306. What is g(3)?
2913
Let p(v) = 12813*v + 192172. What is p(-15)?
-23
Let j(p) = -3*p**3 + 206*p**2 - 889*p - 462. Determine j(64).
-14
Let o(p) = -2*p**2 - 1973*p - 141735. Give o(-78).
-9
Let v(n) = -5*n**3 - 1398*n**2 + 553*n - 4426. Give v(-280).
-2466
Let o(v) = 995*v - 4167. What is o(5)?
808
Let s(y) = -1080233*y - 69134918. Determine s(-64).
-6
Let h(s) = -s + 100. Give h(33).
67
Let w(b) = -12*b**2 + 2705*b + 118. Determine w(226).
-1464
Let s(d) = -31645*d - 126469. Determine s(-4).
111
Let x(k) = 38*k**2 - 114*k - 91. Give x(4).
61
Let j(q) = 34936*q - 384297. What is j(11)?
-1
Let j(f) = -4291*f - 841076. Give j(-196).
-40
Let w(b) = -b**3 - 284*b**2 - 11520*b - 266. What is w(-49)?
-21
Let r(c) = -2*c**2 + 1258*c + 34017. Calculate r(-26).
-43
Let y(k) = 12*k + 1787. What is y(-125)?
287
Let b(w) = 2*w**3 + 13*w**2 - 31*w + 177. Give b(-8).
233
Let y(n) = -4*n**3 - 2*n**2 - 181*n - 1436. Give y(-8).
1932
Let b(w) = -327*w**2 + 263563*w - 784. Determine b(806).
22
Let q(d) = d**2 + 215*d + 3011. Calculate q(-15).
11
Let j(m) = -175787*m + 351568. Determine j(2).
-6
Let s(t) = 167*t**2 - 7839*t - 625. What is s(47)?
-155
Let d(n) = -8*n**3 - 118*n**2 + 1153*n + 16846. Calculate d(-15).
1
Let l(r) = -649*r + 17937. What is l(29)?
-884
Let t(q) = -5161*q + 98045. What is t(19)?
-14
Let p(g) = 16686*g - 2269299. What is p(136)?
-3
Let c(m) = -5*m**3 - 304*m**2 + 3539*m + 10. Determine c(10).
0
Let a(d) = -d**3 - d**2 - 51*d - 186. Give a(-4).
66
Let z(a) = 75944*a + 27415786. Determine z(-361).
2
Let u(p) = 1676*p - 105543. What is u(63)?
45
Let p(c) = -52539*c - 157631. Calculate p(-3).
-14
Let x(g) = 3004*g + 877098. What is x(-292)?
-70
Let a(m) = -6*m**3 + 9*m**2 + 511*m - 2495. What is a(5)?
-465
Let q(s) = 2*s**2 + 467*s + 16753. Calculate q(-189).
-68
Let w(y) = -y**2 - 2529*y - 79874. Calculate w(-32).
30
Let z(m) = -3*m**2 - 48082*m - 1870615. Determine z(-39).
20
Let i(c) = 31*c**2 + 2884*c + 11130. Give i(-89).
5
Let a(r) = 2*r**3 - 23*r**2 - 16*r - 16. Give a(11).
-313
Let j(b) = 57967*b + 927475. Determine j(-16).
3
Let z(w) = -629*w**2 - 47813*w - 930. Give z(-76).
-246
Let z(l) = l**2 + 14049*l + 154425. Give z(-11).
7
Let z(y) = 282*y + 1370. Determine z(-7).
-604
Let m(i) = -i**3 - 22*i**2 - 114*i - 4. Give m(-6).
104
Let u(i) = -2*i**3 + 8*i**2 + 51*i + 64. Calculate u(-5).
259
Let n(i) = 5*i**3 + 80*i**2 + 34*i + 44. Give n(-15).
659
Let j(d) = d**3 - 150*d**2 + 727*d - 579. Calculate j(145).
-289
Let z(o) = -3851*o - 58949. Give z(-15).
-1184
Let g(a) = -5495*a - 27185. What is g(-5)?
290
Let j(a) = -43*a**2 + 60*a - 307. Give j(5).
-1082
Let h(i) = 21*i**2 + 1916*i - 9522. Give h(5).
583
Let b(i) = 17*i**3 - 1445*i**2 + 12*i + 653. Give b(85).
1673
Let t(v) = -88081*v - 528591. Determine t(-6).
-105
Let t(s) = s**2 + 161*s + 4417. Calculate t(-126).
7
Let g(m) = -m**3 + 194*m**2 - 742*m - 3438. Calculate g(190).
-18
Let g(r) = r**3 + 1055*r**2 - 10682*r - 34072. Give g(-1065).
8
Let b(p) = -2*p**3 - 16*p**2 - 444*p - 3896. Determine b(-9).
262
Let i(h) = 6923*h + 13809. Give i(-2).
-37
Let i(y) = -6*y**2 - 3651*y - 23447. Give i(-602).
31
Let d(k) = 650*k**3 + 3897*k**2 - 9*k + 50. What is d(-6)?
-4
Let j(g) = -20*g**2 + 5470*g - 3115. Determine j(273).
-385
Let f(i) = 2*i**2 + 1152*i + 4618. Determine f(-4).
42
Let g(d) = -2*d**3 + 42*d**2 - 143*d + 1551. Give g(19).
278
Let x(d) = -38*d**2 - 4287*d + 5125. What is x(-114)?
-5
Let t(b) = -b**3 - 52*b**2 - 1504*b - 74129. Give t(-51).
-26
Let p(z) = 236915*z - 947672. Calculate p(4).
-12
Let k(h) = 854*h**2 + 68*h - 80. Determine k(1).
842
Let j(w) = -17743*w + 53209. Calculate j(3).
-20
Let d(v) = 11*v**2 + 839*v - 135. What is d(-76)?
-363
Let w(m) = 36*m + 490. Determine w(-15).
-50
Let r(j) = 4*j**2 + 302*j + 5241. Determine r(-27).
3
Let x(f) = 13817*f + 1948154. Determine x(-141).
-43
Let o(c) = -c**3 + 139*c**2 + 1114*c - 13443. Determine o(146).
-11
Let f(r) = r**2 + 280*r - 14633. What is f(45)?
-8
Let c(j) = -j**3 - 96*j**2 + 5143*j + 11873. Give c(40).
-7
Let x(d) = d**3 + 180*d**2 - 204*d - 36526. Give x(-180).
194
Let p(q) = 2*q**3 + 46*q**2 + 37*q - 260. Determine p(-22).
-106
Let q(k) = -1198*k - 684. Calculate q(3).
-4278
Let q(j) = -18*j**3 + 594*j**2 - 121*j + 3985. Determine q(33).
-8
Let q(k) = 3*k**3 - 339*k**2 - 645*k - 5313. Determine q(115).
-138
Let p(y) = 37330*y - 223962. What is p(6)?
18
Let n(a) = 185*a - 3697. Give n(20).
3
Let y(w) = w**3 - 21*w**2 + 1541*w - 46062. Determine y(27).
-81
Let y(q) = 66*q - 1614. Determine y(38).
894
Let r(a) = -2*a**3 + 21*a**2 - 49*a + 55. Give r(8).
-17
Let f(n) = 28*n - 428. What is f(25)?
272
Let p(c) = 176*c - 78. What is p(4)?
626
Let b(r) = 89778*r + 2424007. What is b(-27)?
1
Let t(p) = p**2 + 29176*p - 64. Give t(0).
-64
Let p(l) = -83*l**3 - 51792*l**2 - 16*l - 9978. Give p(-624).
6
Let j(p) = p**2 + 23*p - 1516. What is j(-75)?
2384
Let y(c) = -288*c - 7625. Determine y(-24).
-713
Let g(p) = -1982*p + 20016. What is g(10)?
196
Let n(y) = -3118*y + 174434. Calculate n(56).
-174
Let n(p) = -2*p**2 - 116742*p - 6. Determine n(0).
-6
Let x(r) = -r**3 - 233*r**2 - 271*r - 9034. What is x(-232)?
14
Let p(y) = -234*y - 31873. What is p(-136)?
-49
Let d(k) = 277*k + 1101. Give d(-8).
-1115
Let t(g) = g**2 - 3327*g + 46425. Calculate t(14).
43
Let d(s) = 456807*s + 2740845. Give d(-6).
3
Let n(y) = y**3 + 70*y**2 - 71668*y - 719. Determine n(235).
926
Let r(i) = 5*i**2 + 60*i - 97. Determine r(-8).
-257
Let i(b) = -304*b - 2194. What is i(-14)?
2062
Let o(l) = -123562*l - 617801. Determine o(-5).
9
Let b(z) = 5*z**2 + 387*z - 3311. Give b(8).
105
Let z(q) = 314*q - 64060. Give z(204).
-4
Let y(i) = -179*i + 3689. Give y(22).
-249
Let s(a) = a**3 + 22*a**2 + 154*a + 190. Give s(-9).
-143
Let q(c) = -28*c**3 + 264*c**2 + 1778*c + 31. Calculate q(14).
-165
Let w(r) = 2*r**2 - 492*r + 9850. What is w(224)?
-6
Let x(y) = -y**2 - 91*y - 666. Give x(-10).
144
Let f(n) = -3632*n + 751815. Determine f(207).
-9
Let p(q) = q**2 + 6348*q - 95510. Give p(15).
-65
Let t(s) = -2*s**3 - 1137*s**2 - 10621*s - 15. Calculate t(-559).
-15
Let m(g) = 7388*g - 79732. Give m(11).
1536
Let u(g) = 2*g**3 - 52*g**2 - 2853*g - 13770. Determine u(-23).
7
Let s(m) = m**3 + 21*m**2 - 437*m - 40. Determine s(11).
-975
Let q(o) = 7618*o + 2041613. What is q(-268)?
-11
Let n(s) = 2*s**3 + 347*s**2 + 198*s + 4313. Determine n(-173).
-12
Let m(v) = -v**2 - 116*v - 1277. What is m(-25)?
998
Let x(o) = 232029*o - 11137395. What is x(48)?
-3
Let p(i) = 4*i**2 - 133819*i - 267651. Calculate p(-2).
3
Let o(t) = 7552*t + 60422. Calculate o(-8).
6
Let y(p) = 158*p - 6962. Give y(44).
-10
Let n(v) = -2*v**3 - 445*v**2 + 222*v - 429. What is n(-223)?
-206
Let y(p) = 4*p - 239. Give y(4).
-223
Let h(m) = -m**3 - 160*m**2 - 1708*m - 219943. Give h(-158).
-7
Let p(w) = 11*w**3 - 25*w**2 + 857*w - 1666. Calculate p(2).
36
Let t(s) = -73*s**2 + 14821*s - 400. Give t(203).
6
Let b(z) = 21017*z**2 + 1429158*z + 104. Give b(-68).
-32
Let o(v) = -586*v + 79096. What is o(135)?
-14
Let p(g) = 3*g**2 - 63*g - 767. Calculate p(-10).
163
Let c(u) = -2*u**2 - 83415*u - 5330368. What is c(-64)?
0
Let y(w) = -172*w**2 + 4*w - 8. Give y(-3).
-1568
Let z(v) = -v**3 - 94*v**2 - 16*v - 2006. Determine z(-94).
-502
Let g(i) = -2*i**3 - 51*i**2 - 58*i + 363. Give g(-23).
-948
Let q(u) = -4934*u - 19863. Calculate q(-4).
-127
Let n(x) = x**3 + 81*x**2 + 508*x + 349. Calculate n(-6).
1
Let n(y) = y**3 + 21*y**2 - 36*y - 221. Determine n(-24).
-1085
Let l(y) = 